{"id":11887,"date":"2026-04-22T08:04:58","date_gmt":"2026-04-22T06:04:58","guid":{"rendered":"https:\/\/duesseldorf-festival.de\/?post_type=veranstaltung&#038;p=11887\/?\/2026"},"modified":"2026-08-26T13:53:35","modified_gmt":"2026-08-26T11:53:35","slug":"sharon-eyal-dance-s-e-d-2","status":"publish","type":"veranstaltung","link":"https:\/\/duesseldorf-festival.de\/en\/event\/sharon-eyal-dance-s-e-d-2\/?delay-the-sadness\/2026","title":{"rendered":"Sharon Eyal Dance \/ S-E-D"},"content":{"rendered":"<p>Sharon Eyal ranks among the very best choreographers of our time; like Hofesh Shechter, she hails from the legendary Batsheva Dance Company. In 2025, she triumphed at the D\u00fcsseldorf Festival with her acclaimed production \u201cSoul Chain\u201d for tanzmainz. Now she returns with her current outstanding production \u201cDelay the Sadness\u201d for her own company S-E-D (Sharon Eyal Dance), which premiered at the last Ruhrtriennale and was frenetically celebrated. Eight dancers each develop their own unique energy and expressiveness; classical ballet figures flash into view and are immediately deconstructed; music, emotions and bodies merge. For Sharon Eyal, dance is far more than just movement \u2013 it is life itself.<\/p>\n<p><em>Continuation of life after death.<br \/>\nContinuation of sadness and purity.<br \/>\nContinuation of mother.<br \/>\nemotions<br \/>\nmemories<br \/>\nI remember, recall, imagine, dream<br \/>\nDancing&#8230; breathing&#8230; suffocating&#8230; stopping<\/em><br \/>\nSharon Eyal<\/p>\n<p class=\"cast-paragraph\">Sharon Eyal, choreography<br \/>\nGai Behar, co-development<br \/>\nJosef Laimon, composition<br \/>\nAlon Cohen, lighting design<br \/>\nSharon Eyal, Gai Behar in collaboration with Noa Eyal Behar, costume design<br \/>\nBy Serge H, 3D printing design<br \/>\nBas et Hauts Atelier, Paris, costume production<br \/>\nNoa Eyal Behar, make-up design &#038; styling<br \/>\nDaniel Norgren-Jensen, Rehearsal Director<br \/>\nMusic: Khyaam Haque \u2013 \u201cDance with Me, Maximilian\u201d,<br \/>\nJohn Tavener, Academy of Ancient Music, Paul Goodwin,<br \/>\nGeorge Mosley, The Choir of the AAM \u2013 \u201cFuneral Canticle\u201d<\/p>\n<p class=\"cast-paragraph\">On Stage<br \/>\nDarren Devaney, Na\u00efs Duboscq, Juan Gil, Miriam Gittens, Alice Godfrey, Heloise Jocqueviel, Victor Ketelslegers, Johnny McMillan<\/p>\n<p class=\"cast-paragraph\">Sharon Eyal &#038; Gai Behar, Artistic Directors<br \/>\nRoy Bedarshi, Managing Director<br \/>\nMaya Manor, S&#038;G Management<br \/>\nMaelle Tournadre, Company Management<br \/>\nAlon Cohen, Technical Director<br \/>\nOren Elimelech, Hillel Sharp, Alon Tavori, Henry Rehberg, Technical Team<br \/>\nJosep Alcaina, Booking Consultant<br \/>\nNoa Eyal Behar, Backstage Management<br \/>\nMagdalena Bukowiec, Tour Management<br \/>\nYona Mazigh, Personal Assistant to S&#038;G<\/p>\n<p class=\"cast-paragraph\">Co-producers:<br \/>\nRuhrtriennale 2025 | Festival of the Arts, Germany, La Villette \u2013 Paris, Chaillot \u2013 Th\u00e9\u00e2tre National de la Danse, Paris, TorinoDanza, Italy, Orsolina 28 Art Foundation, Italy, Sadler\u2019s Wells \u2013 London, Baku International Arts Festival, \u00cele-de-France Region, Department of Seine-et-Marne, Montpellier Danse Season 2025\/2026, MART Foundation \u2013 New York, Julidans \u2013 Amsterdam, Festspielhaus St. P\u00f6lten, Austria, Dampfzentrale Bern, Switzerland, Th\u00e9\u00e2tre S\u00e9nart, Sc\u00e8ne nationale, Les Nuits de Fourvi\u00e8re, Lyon.<br \/>\nS-E-D is supported by the BNP Paribas Foundation and the French Ministry of Culture \u2013 Direction r\u00e9gionale des affaires culturelles d\u2019\u00cele-de-France.<\/p>\n<p>With the kind support of Robert Lamers<\/p>\n","protected":false},"featured_media":11878,"template":"","genre":[198],"state":[153],"class_list":["post-11887","veranstaltung","type-veranstaltung","status-publish","has-post-thumbnail","hentry","genre-dance","state-current"],"acf":[],"yoast_head":"<!-- This site is optimized with the Yoast SEO plugin v22.5 - https:\/\/yoast.com\/wordpress\/plugins\/seo\/ -->\n<title>Sharon Eyal Dance \/ S-E-D - D\u00dcSSELDORF FESTIVAL<\/title>\n<meta name=\"robots\" content=\"index, follow, max-snippet:-1, max-image-preview:large, max-video-preview:-1\" \/>\n<link rel=\"canonical\" href=\"https:\/\/duesseldorf-festival.de\/en\/event\/sharon-eyal-dance-s-e-d-2\/?delay-the-sadness\/2026\" \/>\n<meta property=\"og:locale\" content=\"en_US\" \/>\n<meta property=\"og:type\" content=\"article\" \/>\n<meta property=\"og:title\" content=\"Sharon Eyal Dance \/ S-E-D - D\u00dcSSELDORF FESTIVAL\" \/>\n<meta property=\"og:description\" content=\"Sharon Eyal ranks among the very best choreographers of our [...]\" \/>\n<meta property=\"og:url\" content=\"https:\/\/duesseldorf-festival.de\/en\/event\/sharon-eyal-dance-s-e-d-2\/?delay-the-sadness\/2026\" \/>\n<meta property=\"og:site_name\" content=\"D\u00dcSSELDORF FESTIVAL\" \/>\n<meta property=\"article:modified_time\" content=\"2026-08-26T11:53:35+00:00\" \/>\n<meta property=\"og:image\" content=\"https:\/\/duesseldorf-festival.de\/wp-content\/uploads\/2026\/04\/delaythesadness1Vitali-Akimov.jpg\" \/>\n\t<meta property=\"og:image:width\" content=\"2200\" \/>\n\t<meta property=\"og:image:height\" content=\"1466\" \/>\n\t<meta property=\"og:image:type\" content=\"image\/jpeg\" \/>\n<meta name=\"twitter:card\" content=\"summary_large_image\" \/>\n<meta name=\"twitter:label1\" content=\"Est. reading time\" \/>\n\t<meta name=\"twitter:data1\" content=\"2 minutes\" \/>\n<script type=\"application\/ld+json\" class=\"yoast-schema-graph\">{\"@context\":\"https:\/\/schema.org\",\"@graph\":[{\"@type\":\"WebPage\",\"@id\":\"https:\/\/duesseldorf-festival.de\/en\/event\/sharon-eyal-dance-s-e-d-2\/?delay-the-sadness\/2026\",\"url\":\"https:\/\/duesseldorf-festival.de\/en\/event\/sharon-eyal-dance-s-e-d-2\/?delay-the-sadness\/2026\",\"name\":\"Sharon Eyal Dance \/ S-E-D - D\u00dcSSELDORF FESTIVAL\",\"isPartOf\":{\"@id\":\"https:\/\/duesseldorf-festival.de\/#website\"},\"primaryImageOfPage\":{\"@id\":\"https:\/\/duesseldorf-festival.de\/en\/event\/sharon-eyal-dance-s-e-d-2\/?delay-the-sadness\/2026#primaryimage\"},\"image\":{\"@id\":\"https:\/\/duesseldorf-festival.de\/en\/event\/sharon-eyal-dance-s-e-d-2\/?delay-the-sadness\/2026#primaryimage\"},\"thumbnailUrl\":\"https:\/\/duesseldorf-festival.de\/wp-content\/uploads\/2026\/04\/delaythesadness1Vitali-Akimov.jpg\",\"datePublished\":\"2026-04-22T06:04:58+00:00\",\"dateModified\":\"2026-08-26T11:53:35+00:00\",\"breadcrumb\":{\"@id\":\"https:\/\/duesseldorf-festival.de\/en\/event\/sharon-eyal-dance-s-e-d-2\/?delay-the-sadness\/2026#breadcrumb\"},\"inLanguage\":\"en-US\",\"potentialAction\":[{\"@type\":\"ReadAction\",\"target\":[\"https:\/\/duesseldorf-festival.de\/en\/event\/sharon-eyal-dance-s-e-d-2\/?delay-the-sadness\/2026\"]}]},{\"@type\":\"ImageObject\",\"inLanguage\":\"en-US\",\"@id\":\"https:\/\/duesseldorf-festival.de\/en\/event\/sharon-eyal-dance-s-e-d-2\/?delay-the-sadness\/2026#primaryimage\",\"url\":\"https:\/\/duesseldorf-festival.de\/wp-content\/uploads\/2026\/04\/delaythesadness1Vitali-Akimov.jpg\",\"contentUrl\":\"https:\/\/duesseldorf-festival.de\/wp-content\/uploads\/2026\/04\/delaythesadness1Vitali-Akimov.jpg\",\"width\":2200,\"height\":1466,\"caption\":\"Foto: Vitali Akimov\"},{\"@type\":\"BreadcrumbList\",\"@id\":\"https:\/\/duesseldorf-festival.de\/en\/event\/sharon-eyal-dance-s-e-d-2\/?delay-the-sadness\/2026#breadcrumb\",\"itemListElement\":[{\"@type\":\"ListItem\",\"position\":1,\"name\":\"Home\",\"item\":\"https:\/\/duesseldorf-festival.de\/en\/\"},{\"@type\":\"ListItem\",\"position\":2,\"name\":\"Veranstaltungen\",\"item\":\"https:\/\/duesseldorf-festival.de\/archiv\/\"},{\"@type\":\"ListItem\",\"position\":3,\"name\":\"Sharon Eyal Dance \/ S-E-D\"}]},{\"@type\":\"WebSite\",\"@id\":\"https:\/\/duesseldorf-festival.de\/#website\",\"url\":\"https:\/\/duesseldorf-festival.de\/\",\"name\":\"D\u00dcSSELDORF FESTIVAL\",\"description\":\"\",\"potentialAction\":[{\"@type\":\"SearchAction\",\"target\":{\"@type\":\"EntryPoint\",\"urlTemplate\":\"https:\/\/duesseldorf-festival.de\/?s={search_term_string}\"},\"query-input\":\"required name=search_term_string\"}],\"inLanguage\":\"en-US\"}]}<\/script>\n<!-- \/ Yoast SEO plugin. -->","yoast_head_json":{"title":"Sharon Eyal Dance \/ S-E-D - D\u00dcSSELDORF FESTIVAL","robots":{"index":"index","follow":"follow","max-snippet":"max-snippet:-1","max-image-preview":"max-image-preview:large","max-video-preview":"max-video-preview:-1"},"canonical":"https:\/\/duesseldorf-festival.de\/en\/event\/sharon-eyal-dance-s-e-d-2\/?delay-the-sadness\/2026","og_locale":"en_US","og_type":"article","og_title":"Sharon Eyal Dance \/ S-E-D - D\u00dcSSELDORF FESTIVAL","og_description":"Sharon Eyal ranks among the very best choreographers of our [...]","og_url":"https:\/\/duesseldorf-festival.de\/en\/event\/sharon-eyal-dance-s-e-d-2\/?delay-the-sadness\/2026","og_site_name":"D\u00dcSSELDORF FESTIVAL","article_modified_time":"2026-08-26T11:53:35+00:00","og_image":[{"width":2200,"height":1466,"url":"https:\/\/duesseldorf-festival.de\/wp-content\/uploads\/2026\/04\/delaythesadness1Vitali-Akimov.jpg","type":"image\/jpeg"}],"twitter_card":"summary_large_image","twitter_misc":{"Est. reading time":"2 minutes"},"schema":{"@context":"https:\/\/schema.org","@graph":[{"@type":"WebPage","@id":"https:\/\/duesseldorf-festival.de\/en\/event\/sharon-eyal-dance-s-e-d-2\/?delay-the-sadness\/2026","url":"https:\/\/duesseldorf-festival.de\/en\/event\/sharon-eyal-dance-s-e-d-2\/?delay-the-sadness\/2026","name":"Sharon Eyal Dance \/ S-E-D - D\u00dcSSELDORF FESTIVAL","isPartOf":{"@id":"https:\/\/duesseldorf-festival.de\/#website"},"primaryImageOfPage":{"@id":"https:\/\/duesseldorf-festival.de\/en\/event\/sharon-eyal-dance-s-e-d-2\/?delay-the-sadness\/2026#primaryimage"},"image":{"@id":"https:\/\/duesseldorf-festival.de\/en\/event\/sharon-eyal-dance-s-e-d-2\/?delay-the-sadness\/2026#primaryimage"},"thumbnailUrl":"https:\/\/duesseldorf-festival.de\/wp-content\/uploads\/2026\/04\/delaythesadness1Vitali-Akimov.jpg","datePublished":"2026-04-22T06:04:58+00:00","dateModified":"2026-08-26T11:53:35+00:00","breadcrumb":{"@id":"https:\/\/duesseldorf-festival.de\/en\/event\/sharon-eyal-dance-s-e-d-2\/?delay-the-sadness\/2026#breadcrumb"},"inLanguage":"en-US","potentialAction":[{"@type":"ReadAction","target":["https:\/\/duesseldorf-festival.de\/en\/event\/sharon-eyal-dance-s-e-d-2\/?delay-the-sadness\/2026"]}]},{"@type":"ImageObject","inLanguage":"en-US","@id":"https:\/\/duesseldorf-festival.de\/en\/event\/sharon-eyal-dance-s-e-d-2\/?delay-the-sadness\/2026#primaryimage","url":"https:\/\/duesseldorf-festival.de\/wp-content\/uploads\/2026\/04\/delaythesadness1Vitali-Akimov.jpg","contentUrl":"https:\/\/duesseldorf-festival.de\/wp-content\/uploads\/2026\/04\/delaythesadness1Vitali-Akimov.jpg","width":2200,"height":1466,"caption":"Foto: Vitali Akimov"},{"@type":"BreadcrumbList","@id":"https:\/\/duesseldorf-festival.de\/en\/event\/sharon-eyal-dance-s-e-d-2\/?delay-the-sadness\/2026#breadcrumb","itemListElement":[{"@type":"ListItem","position":1,"name":"Home","item":"https:\/\/duesseldorf-festival.de\/en\/"},{"@type":"ListItem","position":2,"name":"Veranstaltungen","item":"https:\/\/duesseldorf-festival.de\/archiv\/"},{"@type":"ListItem","position":3,"name":"Sharon Eyal Dance \/ S-E-D"}]},{"@type":"WebSite","@id":"https:\/\/duesseldorf-festival.de\/#website","url":"https:\/\/duesseldorf-festival.de\/","name":"D\u00dcSSELDORF FESTIVAL","description":"","potentialAction":[{"@type":"SearchAction","target":{"@type":"EntryPoint","urlTemplate":"https:\/\/duesseldorf-festival.de\/?s={search_term_string}"},"query-input":"required name=search_term_string"}],"inLanguage":"en-US"}]}},"_links":{"self":[{"href":"https:\/\/duesseldorf-festival.de\/en\/wp-json\/wp\/v2\/veranstaltung\/11887","targetHints":{"allow":["GET"]}}],"collection":[{"href":"https:\/\/duesseldorf-festival.de\/en\/wp-json\/wp\/v2\/veranstaltung"}],"about":[{"href":"https:\/\/duesseldorf-festival.de\/en\/wp-json\/wp\/v2\/types\/veranstaltung"}],"wp:featuredmedia":[{"embeddable":true,"href":"https:\/\/duesseldorf-festival.de\/en\/wp-json\/wp\/v2\/media\/11878"}],"wp:attachment":[{"href":"https:\/\/duesseldorf-festival.de\/en\/wp-json\/wp\/v2\/media?parent=11887"}],"wp:term":[{"taxonomy":"genre","embeddable":true,"href":"https:\/\/duesseldorf-festival.de\/en\/wp-json\/wp\/v2\/genre?post=11887"},{"taxonomy":"state","embeddable":true,"href":"https:\/\/duesseldorf-festival.de\/en\/wp-json\/wp\/v2\/state?post=11887"}],"curies":[{"name":"wp","href":"https:\/\/api.w.org\/{rel}","templated":true}]}}

<p>Sharon Eyal ranks among the very best choreographers of our time; like Hofesh Shechter, she hails from the legendary Batsheva Dance Company. In 2025, she triumphed at the Düsseldorf Festival with her acclaimed production “Soul Chain” for tanzmainz. Now she returns with her current outstanding production “Delay the Sadness” for her own company S-E-D (Sharon Eyal Dance), which premiered at the last Ruhrtriennale and was frenetically celebrated. Eight dancers each develop their own unique energy and expressiveness; classical ballet figures flash into view and are immediately deconstructed; music, emotions and bodies merge. For Sharon Eyal, dance is far more than just movement – it is life itself.</p>
<p><em>Continuation of life after death.<br />
Continuation of sadness and purity.<br />
Continuation of mother.<br />
emotions<br />
memories<br />
I remember, recall, imagine, dream<br />
Dancing&#8230; breathing&#8230; suffocating&#8230; stopping</em><br />
Sharon Eyal</p>
<p class="cast-paragraph">Sharon Eyal, choreography<br />
Gai Behar, co-development<br />
Josef Laimon, composition<br />
Alon Cohen, lighting design<br />
Sharon Eyal, Gai Behar in collaboration with Noa Eyal Behar, costume design<br />
By Serge H, 3D printing design<br />
Bas et Hauts Atelier, Paris, costume production<br />
Noa Eyal Behar, make-up design &#038; styling<br />
Daniel Norgren-Jensen, Rehearsal Director<br />
Music: Khyaam Haque – “Dance with Me, Maximilian”,<br />
John Tavener, Academy of Ancient Music, Paul Goodwin,<br />
George Mosley, The Choir of the AAM – “Funeral Canticle”</p>
<p class="cast-paragraph">On Stage<br />
Darren Devaney, Naïs Duboscq, Juan Gil, Miriam Gittens, Alice Godfrey, Heloise Jocqueviel, Victor Ketelslegers, Johnny McMillan</p>
<p class="cast-paragraph">Sharon Eyal &#038; Gai Behar, Artistic Directors<br />
Roy Bedarshi, Managing Director<br />
Maya Manor, S&#038;G Management<br />
Maelle Tournadre, Company Management<br />
Alon Cohen, Technical Director<br />
Oren Elimelech, Hillel Sharp, Alon Tavori, Henry Rehberg, Technical Team<br />
Josep Alcaina, Booking Consultant<br />
Noa Eyal Behar, Backstage Management<br />
Magdalena Bukowiec, Tour Management<br />
Yona Mazigh, Personal Assistant to S&#038;G</p>
<p class="cast-paragraph">Co-producers:<br />
Ruhrtriennale 2025 | Festival of the Arts, Germany, La Villette – Paris, Chaillot – Théâtre National de la Danse, Paris, TorinoDanza, Italy, Orsolina 28 Art Foundation, Italy, Sadler’s Wells – London, Baku International Arts Festival, Île-de-France Region, Department of Seine-et-Marne, Montpellier Danse Season 2025/2026, MART Foundation – New York, Julidans – Amsterdam, Festspielhaus St. Pölten, Austria, Dampfzentrale Bern, Switzerland, Théâtre Sénart, Scène nationale, Les Nuits de Fourvière, Lyon.<br />
S-E-D is supported by the BNP Paribas Foundation and the French Ministry of Culture – Direction régionale des affaires culturelles d’Île-de-France.</p>
<p>With the kind support of Robert Lamers</p>

<!-- This site is optimized with the Yoast SEO plugin v22.5 - https://yoast.com/wordpress/plugins/seo/ -->
<title>Sharon Eyal Dance / S-E-D - DÜSSELDORF FESTIVAL</title>
<meta name="robots" content="index, follow, max-snippet:-1, max-image-preview:large, max-video-preview:-1" />
<link rel="canonical" href="https://duesseldorf-festival.de/en/event/sharon-eyal-dance-s-e-d-2/?delay-the-sadness/2026" />
<meta property="og:locale" content="en_US" />
<meta property="og:type" content="article" />
<meta property="og:title" content="Sharon Eyal Dance / S-E-D - DÜSSELDORF FESTIVAL" />
<meta property="og:description" content="Sharon Eyal ranks among the very best choreographers of our [...]" />
<meta property="og:url" content="https://duesseldorf-festival.de/en/event/sharon-eyal-dance-s-e-d-2/?delay-the-sadness/2026" />
<meta property="og:site_name" content="DÜSSELDORF FESTIVAL" />
<meta property="article:modified_time" content="2026-08-26T11:53:35+00:00" />
<meta property="og:image" content="https://duesseldorf-festival.de/wp-content/uploads/2026/04/delaythesadness1Vitali-Akimov.jpg" />
	<meta property="og:image:width" content="2200" />
	<meta property="og:image:height" content="1466" />
	<meta property="og:image:type" content="image/jpeg" />
<meta name="twitter:card" content="summary_large_image" />
<meta name="twitter:label1" content="Est. reading time" />
	<meta name="twitter:data1" content="2 minutes" />
<script type="application/ld+json" class="yoast-schema-graph">{"@context":"https://schema.org","@graph":[{"@type":"WebPage","@id":"https://duesseldorf-festival.de/en/event/sharon-eyal-dance-s-e-d-2/?delay-the-sadness/2026","url":"https://duesseldorf-festival.de/en/event/sharon-eyal-dance-s-e-d-2/?delay-the-sadness/2026","name":"Sharon Eyal Dance / S-E-D - DÜSSELDORF FESTIVAL","isPartOf":{"@id":"https://duesseldorf-festival.de/#website"},"primaryImageOfPage":{"@id":"https://duesseldorf-festival.de/en/event/sharon-eyal-dance-s-e-d-2/?delay-the-sadness/2026#primaryimage"},"image":{"@id":"https://duesseldorf-festival.de/en/event/sharon-eyal-dance-s-e-d-2/?delay-the-sadness/2026#primaryimage"},"thumbnailUrl":"https://duesseldorf-festival.de/wp-content/uploads/2026/04/delaythesadness1Vitali-Akimov.jpg","datePublished":"2026-04-22T06:04:58+00:00","dateModified":"2026-08-26T11:53:35+00:00","breadcrumb":{"@id":"https://duesseldorf-festival.de/en/event/sharon-eyal-dance-s-e-d-2/?delay-the-sadness/2026#breadcrumb"},"inLanguage":"en-US","potentialAction":[{"@type":"ReadAction","target":["https://duesseldorf-festival.de/en/event/sharon-eyal-dance-s-e-d-2/?delay-the-sadness/2026"]}]},{"@type":"ImageObject","inLanguage":"en-US","@id":"https://duesseldorf-festival.de/en/event/sharon-eyal-dance-s-e-d-2/?delay-the-sadness/2026#primaryimage","url":"https://duesseldorf-festival.de/wp-content/uploads/2026/04/delaythesadness1Vitali-Akimov.jpg","contentUrl":"https://duesseldorf-festival.de/wp-content/uploads/2026/04/delaythesadness1Vitali-Akimov.jpg","width":2200,"height":1466,"caption":"Foto: Vitali Akimov"},{"@type":"BreadcrumbList","@id":"https://duesseldorf-festival.de/en/event/sharon-eyal-dance-s-e-d-2/?delay-the-sadness/2026#breadcrumb","itemListElement":[{"@type":"ListItem","position":1,"name":"Home","item":"https://duesseldorf-festival.de/en/"},{"@type":"ListItem","position":2,"name":"Veranstaltungen","item":"https://duesseldorf-festival.de/archiv/"},{"@type":"ListItem","position":3,"name":"Sharon Eyal Dance / S-E-D"}]},{"@type":"WebSite","@id":"https://duesseldorf-festival.de/#website","url":"https://duesseldorf-festival.de/","name":"DÜSSELDORF FESTIVAL","description":"","potentialAction":[{"@type":"SearchAction","target":{"@type":"EntryPoint","urlTemplate":"https://duesseldorf-festival.de/?s={search_term_string}"},"query-input":"required name=search_term_string"}],"inLanguage":"en-US"}]}</script>
<!-- / Yoast SEO plugin. -->

Sharon Eyal Dance / S-E-D - DÜSSELDORF FESTIVAL

DÜSSELDORF FESTIVAL
